ist the prime factors of y.
2
Let s(g) = -g**3 - 9. Let q be s(0). Let t = -2 - q. What are the prime factors of t?
7
Suppose 2*m + 7 = 229. What are the prime factors of m?
3, 37
Suppose f - 75 = -5*o, 3*f + f = 0. List the prime factors of o.
3, 5
List the prime factors of (0 - -2)*(-385)/(-22).
5, 7
Let r be -2 + 2/4*34. What are the prime factors of (-4)/10 + 96/r?
2, 3
Suppose d + 366 = 3*d - 3*i, 16 = 4*i. Suppose 0 = 2*m + h + 3*h - 98, -5*m + 4*h + d = 0. What are the prime factors of m?
41
Suppose -3*i + 33 = -4*u, 0 = 5*i - i + 3*u - 19. Let n = -6 + i. Suppose 5*p - 11 = -n. What are the prime factors of p?
2
Let k(h) = -2*h**3 + 16*h**2 + 7*h - 9. List the prime factors of k(7).
2, 3, 23
Suppose -k - 5*m + 86 = -0*k, 0 = -k - 2*m + 77. Suppose -3*t + k + 1 = 0. What are the prime factors of t?
2, 3
Suppose -4 = -3*o + 2. Suppose 0*x = -o*x. Suppose 2*f + x = 4. List the prime factors of f.
2
List the prime factors of 431/(-14)*-10 + 1/7.
2, 7, 11
Let i(q) = 7*q + 2. Let l be i(-2). Let y = l - -63. List the prime factors of y.
3, 17
Suppose 3*a + 5*z = 63, -4*a - 4*z = z - 89. List the prime factors of a.
2, 13
List the prime factors of 2 - (0 + 4/(-1) + 1).
5
Let k = 38 - 53. Let f = -11 - k. List the prime factors of f.
2
Let a(l) = -l + 13. Let h be a(10). Suppose h*x - 6 = 3. What are the prime factors of x?
3
Suppose -3*l = 4 + 8. Let i = l - 2. List the prime factors of 5/15 + (-58)/i.
2, 5
Let b = 45 - 26. What are the prime factors of b?
19
Let s(z) = z**3 - 11*z**2 + 14*z - 3. Suppose q - 15 = -5. What are the prime factors of s(q)?
37
Suppose 5*a + 6 = 16. Let w = a - -4. Let d = w - 0. What are the prime factors of d?
2, 3
Let q(y) = y**3 - y - 1. Let m be q(0). Let u = m - -1. What are the prime factors of (u - 2) + 9 + -2?
5
Suppose p + 5*p - 1164 = 0. List the prime factors of p.
2, 97
Suppose -4*l - 4*m + 16 = 0, -1 = -l - 0*m + 2*m. Let v be (l/6)/(1/4). Suppose 0*k = 2*k + 10, v*k + 16 = u. What are the prime factors of u?
2, 3
Let j(u) = 8*u**2 + 2*u. Let c be j(-4). Let x = 28 + -10. List the prime factors of c/x + (-2)/(-6).
7
Let c(r) = -r**3 - 3 + 1 - r - 1 - 3*r**2. Let z be c(-3). Let j = z + 2. List the prime factors of j.
2
Suppose 2*a = g - 2*a - 24, 3*a - 4 = -2*g. Let u = g + 10. What are the prime factors of u/(-4)*(-4)/2?
3
Let h = 184 - 67. What are the prime factors of h?
3, 13
Let f = -2 - -8. Suppose 3*r = -0 + f. List the prime factors of r.
2
Let x = -96 + 49. Let w = -29 - x. List the prime factors of w.
2, 3
Suppose -2*v - 25 = -7*v. Let c(d) = d**3 - 4*d**2 + 3*d - 4. Let t be c(v). Suppose 3*n - t = -n. What are the prime factors of n?
3
Let f = 903 - 469. What are the prime factors of f?
2, 7, 31
Suppose 2*b - 3*b = -3*h + 7, 2*b = 2*h - 6. Suppose 0 = -3*v - h - 7. List the prime factors of (-4)/(-1 - v/6).
2
Let t(u) = -5*u**2 + u - 2. Let y(r) = 9*r**2 - 2*r + 4. Let j(p) = -11*t(p) - 6*y(p). Let x be j(-3). Let l = x - -7. List the prime factors of l.
11
Let n = -51 - -85. List the prime factors of n.
2, 17
Let z be (-3)/(-12)*2*2. Let s be 1*(z + 6 - 2). Suppose -2*i = -l - l - 4, 2*l + s*i = 31. List the prime factors of l.
3
Suppose -10 = -2*j + 8. Suppose 4*t + 125 - j = -4*d, -2*t = 3*d + 57. List the prime factors of (-18)/t - 184/(-10).
19
Let k = -4 - -10. Suppose 0 = 5*h + k + 4. What are the prime factors of (0 + 1)/(h/(-16))?
2
Suppose -2*q - 6 = 0, 6*i - i - q - 313 = 0. Let s = i - 40. Suppose 3*p = s - 4. What are the prime factors of p?
2, 3
Suppose 0 = 3*b + 118 - 523. List the prime factors of b.
3, 5
Suppose 5*p - 2*n - 35 = 0, 5*n = 5*p - 49 - 1. Suppose 12 - 1 = a + 3*t, -p*a + 5*t = 5. List the prime factors of a.
2
Let r(m) = m**3 + 4*m**2 - 3*m + 2. Let a be r(-5). Let u be (-16)/9 + a/36. What are the prime factors of 260/45 + u/(-9)?
2, 3
Let v(n) = -n**3 + 6*n**2 + 2*n - 5. Let m be v(6). Suppose 0 = -2*t - 4*c + c - m, 4*c = 2*t - 14. Let f = t - -3. What are the prime factors of f?
2
Suppose 4*t = t + 75. List the prime factors of t.
5
Let o = 0 + -1. List the prime factors of (-18)/(-3)*(-2)/o.
2, 3
Let y be 1*12*(-33)/(-12). Let v = 54 - y. What are the prime factors of v?
3, 7
Suppose 0 = -2*s + 73 + 71. What are the prime factors of s?
2, 3
List the prime factors of 3/(29/(-16) - -2).
2
Let j = 56 - 39. What are the prime factors of j?
17
Suppose -4*q = -z - 6, 0*q - 4*q + 12 = -4*z. Suppose 4*h = 5*h + 27. What are the prime factors of (z/3)/(6/h)?
3
Suppose 4*r - h = 12, r = 3*r + 3*h + 8. List the prime factors of ((-45)/(-2))/(1/r).
3, 5
Suppose 4*u - 2*u + 2*m - 16 = 0, -5*u + 36 = m. Suppose 0 = 2*t - 8, -4 - u = k - 5*t. List the prime factors of 42/(-4)*(-6)/k.
7
Let w(d) = 2*d**2 - 4*d - 6. What are the prime factors of w(4)?
2, 5
Let w be 0 + 0 + 20 + 0. Let s = w + -14. What are the prime factors of s?
2, 3
Let c = -1 + 5. Let m be 7/c + (-3)/(-12). What are the prime factors of (-14)/m*-1*1?
7
Suppose 0 = 3*u - 4*x + 34, 10 + 36 = -4*u + 5*x. Let o = 5 - u. Suppose -3*m - h + 47 = 0, -3*m = -h - o - 36. What are the prime factors of m?
17
Suppose -n - 3*a + 163 = 0, -2*a = 2*n - 0*a - 310. What are the prime factors of n?
151
Let h = 62 - 28. What are the prime factors of h?
2, 17
Let c = -76 + 187. What are the prime factors of c?
3, 37
Let n(a) be the first derivative of -a**2/2 - 4*a - 2. Let k be n(-6). Suppose 0 = g - k*g + 10. What are the prime factors of g?
2, 5
Suppose 2*h - 89 - 325 = 0. What are the prime factors of h?
3, 23
Suppose 3*u = 3*c - 258, -4*c + 5*c = 3*u + 256. Let k = -57 - u. Suppose a = -3*d + 2*a + k, 5*d - 65 = -2*a. List the prime factors of d.
11
Suppose -5*q = -2*n + 44, -3*n - 26 = q - 126. What are the prime factors of n?
2
Let q be ((-4)/2)/((-4)/6). Suppose -2*t + 20 = q*t. Let l(u) = 3*u - 3. List the prime factors of l(t).
3
Let p be (8/3)/(1/3). Suppose 2*y + p = -24. Let f = -11 - y. What are the prime factors of f?
5
Suppose -54 + 388 = 2*p. List the prime factors of p.
167
Suppose -5*h - 3*r + 270 = -14, -5*h = -2*r - 294. What are the prime factors of h?
2, 29
Let y = 1 + 13. Suppose -48 = -2*f - 2*k - y, 0 = -2*k - 10. What are the prime factors of f?
2, 11
Suppose -2*m + 0*m = -6. Suppose m*d - 23 = -5. List the prime factors of d.
2, 3
Let h(m) = 5*m - 5*m**2 - 2*m**3 + 3*m**3 + m - 4. Let u be h(4). List the prime factors of 5/2*u/5.
2
Let b(j) = 5*j**2 - 5*j + 2. List the prime factors of b(2).
2, 3
Let j(h) = -h**3 - 5*h**2 - 5*h - 2. Suppose q + 3*q + 20 = 0. Let f be j(q). Suppose 5*k = f + 22. List the prime factors of k.
3
Let b be (-1*2)/(3/21). List the prime factors of (-6)/b - 176/(-14).
13
Let y(w) = -5*w - 10. Let z be y(-8). Suppose -q + z = q. List the prime factors of q.
3, 5
Suppose -3*c - 5*j = -8*c + 215, 2*c + 2*j = 66. What are the prime factors of c?
2, 19
Let y = 5 - -1. Suppose -4*b - v - 10 + 37 = 0, y = 2*b - 2*v. List the prime factors of b.
2, 3
Let t(o) = o + 5. Let k be t(-8). Let s(l) = 2*l**2 + 1. What are the prime factors of s(k)?
19
Suppose -2*q - 53 = -4*r + 3*r, 2*r + 4*q = 98. Suppose -t + r = 2*t. List the prime factors of t.
17
Let g = -33 - -79. What are the prime factors of g?
2, 23
Let v = -3 + 6. Suppose -v*r - r = -36. List the prime factors of r.
3
Suppose -3*n = -2*n - 4*u - 103, 2*n = -2*u + 206. List the prime factors of n.
103
Let y = 10 + -6. Suppose y*i + 0*i = 64. What are the prime factors of i?
2
Let d(y) = -3*y**2 - 45. Let u(k) = -4*k**2 - 46. Let z(r) = -3*d(r) + 2*u(r). List the prime factors of z(0).
43
Let u(c) = 9*c + 8. Let r(x) = 9*x + 7. Let p(m) = -6*r(m) + 5*u(m). What are the prime factors of p(-3)?
5
Suppose x = -b + 38, 238 = 5*b - 3*x + 80. Suppose -5*v = u - 3 - b, 5*v = -4*u + 28. List the prime factors of v.
2
Suppose 0 = 2*a + a - 12. Let u(i) = a + 9*i + 6 + 0 - 10*i**2 - 3 + i**3. What are the prime factors of u(9)?
7
Suppose 4*i - 16 = -4*u + 4, 3*i - 15 = 5*u. Let g = 8 - 6. Suppose -g*p = -u*p - 4. List the prime factors of p.
2
Let w be 4/(-22) - (-57)/11. Suppose w*a + 2*j - 6 = -82, -5*j + 90 = -5*a. Let n = a + 23. List the prime factors of n.
7
Let l(o) = o + 4. Let x be l(-7). List the prime factors of 12 - (-3 - (1 + x)).
13
Suppose 4*u = 7*u - 18. List the prime factors of u.
2, 3
Let g = 133 - 7. What are t